he greatest common divisor of 736 and 3864.
184
What is the highest common factor of 513 and 4788?
171
What is the highest common divisor of 1218 and 126?
42
What is the highest common factor of 25 and 100?
25
Calculate the greatest common divisor of 6525 and 2871.
261
What is the greatest common factor of 31637 and 34?
17
Calculate the greatest common factor of 4 and 16.
4
Calculate the greatest common divisor of 108 and 31212.
108
What is the highest common factor of 35 and 217?
7
Calculate the greatest common divisor of 253 and 92.
23
Calculate the greatest common factor of 564 and 5828.
188
What is the greatest common divisor of 697 and 17?
17
Calculate the highest common factor of 46 and 299.
23
What is the highest common divisor of 333 and 27?
9
What is the highest common divisor of 1673 and 478?
239
What is the highest common factor of 5130 and 76?
38
Calculate the greatest common divisor of 3933 and 5814.
171
What is the highest common divisor of 55 and 5335?
55
Calculate the highest common factor of 130 and 117.
13
Calculate the greatest common factor of 1829 and 31.
31
What is the highest common divisor of 6 and 10?
2
Calculate the highest common divisor of 782 and 46.
46
What is the highest common divisor of 20 and 15020?
20
Calculate the greatest common factor of 598 and 156.
26
Calculate the greatest common divisor of 522 and 6003.
261
Calculate the greatest common factor of 94 and 4747.
47
What is the highest common factor of 29 and 1305?
29
Calculate the greatest common factor of 8 and 248.
8
What is the highest common divisor of 1160 and 13630?
290
What is the highest common divisor of 750 and 1080?
30
Calculate the highest common factor of 275 and 35.
5
What is the highest common factor of 4267 and 17?
17
What is the highest common divisor of 5252 and 468?
52
What is the highest common divisor of 56 and 63?
7
What is the greatest common factor of 928 and 256?
32
Calculate the greatest common divisor of 156 and 390.
78
What is the greatest common factor of 26087 and 76?
19
Calculate the greatest common divisor of 160 and 516.
4
What is the highest common divisor of 13 and 9308?
13
Calculate the highest common divisor of 171 and 6403.
19
Calculate the highest common factor of 93 and 24.
3
Calculate the greatest common factor of 27 and 639.
9
Calculate the greatest common divisor of 18 and 126.
18
What is the highest common divisor of 1817 and 46?
23
What is the highest common divisor of 8712 and 66?
66
What is the greatest common divisor of 33 and 99?
33
Calculate the highest common factor of 574 and 35.
7
What is the highest common factor of 1077 and 3?
3
What is the greatest common factor of 6525 and 290?
145
Calculate the greatest common divisor of 805 and 115.
115
What is the greatest common divisor of 575 and 437?
23
What is the greatest common divisor of 51 and 3111?
51
Calculate the greatest common factor of 88 and 605.
11
Calculate the greatest common divisor of 16 and 9856.
16
Calculate the highest common factor of 4 and 4.
4
Calculate the highest common divisor of 5922 and 376.
94
Calculate the greatest common divisor of 721 and 14.
7
What is the greatest common divisor of 64 and 62?
2
Calculate the highest common divisor of 260 and 80.
20
Calculate the greatest common divisor of 28 and 896.
28
Calculate the highest common divisor of 86 and 2623.
43
Calculate the greatest common divisor of 99 and 88.
11
Calculate the highest common divisor of 50 and 475.
25
Calculate the greatest common divisor of 21 and 4851.
21
Calculate the highest common factor of 18952 and 206.
206
What is the highest common factor of 2146 and 518?
74
Calculate the greatest common factor of 4 and 22.
2
What is the greatest common factor of 11266 and 86?
86
Calculate the greatest common divisor of 2 and 29.
1
Calculate the highest common divisor of 147 and 6.
3
What is the greatest common divisor of 37 and 74?
37
What is the greatest common factor of 11 and 583?
11
What is the greatest common factor of 27 and 3?
3
Calculate the greatest common divisor of 1136 and 4.
4
Calculate the highest common factor of 9 and 1011.
3
Calculate the greatest common factor of 22 and 30888.
22
What is the greatest common divisor of 2604 and 620?
124
What is the greatest common factor of 510 and 6290?
170
Calculate the greatest common divisor of 1271 and 123.
41
What is the highest common divisor of 4270 and 280?
70
What is the greatest common divisor of 3272 and 2?
2
What is the highest common factor of 2535 and 30?
15
Calculate the highest common factor of 104 and 1066.
26
What is the highest common divisor of 8624 and 14?
14
What is the greatest common divisor of 4 and 600?
4
What is the greatest common divisor of 20 and 460?
20
What is the greatest common divisor of 55 and 880?
55
What is the greatest common divisor of 19 and 2375?
19
Calculate the highest common factor of 10 and 146.
2
Calculate the greatest common divisor of 60 and 24.
12
Calculate the highest common divisor of 133 and 76.
19
What is the greatest common divisor of 16 and 344?
8
Calculate the greatest common divisor of 869 and 1501.
79
Calculate the highest common factor of 67 and 469.
67
Calculate the highest common divisor of 160 and 200.
40
What is the greatest common factor of 123 and 1025?
41
Calculate the highest common divisor of 374 and 253.
11
What is the greatest common divisor of 18230 and 10?
10
What is the greatest common factor of 57 and 95?
19
Calculate the highest common divisor of 54 and 135.
27
Calculate the greatest common factor of 22 and 3421.
11
What is the greatest common divisor of 5850 and 130?
130
Calculate the greatest common divisor of 2 and 29.
1
What is the highest common divisor of 1551 and 66?
33
Calculate the greatest common factor of 176 and 128.
16
Calculate the highest common divisor of 15826 and 82.
82
What is the greatest common divisor of 11 and 121?
11
What is the highest common divisor of 1209 and 39?
39
What is the highest common factor of 36 and 711?
9
Calculate the greatest common divisor of 1659 and 21.
21
Calculate the greatest common divisor of 19852 and 28.
28
What is the highest common factor of 6 and 7716?
6
What is the highest common factor of 18 and 21474?
18
What is the highest common factor of 133 and 1?
1
What is the highest common divisor of 15870 and 30?
30
What is the greatest common factor of 245 and 7840?
245
Calculate the highest common divisor of 975 and 150.
75
What is the greatest common factor of 110 and 594?
22
What is the greatest common divisor of 546 and 151242?
546
Calculate the highest common factor of 112 and 196.
28
What is the highest common factor of 256 and 19072?
128
What is the greatest common divisor of 25 and 175?
25
What is the highest common divisor of 432 and 48?
48
Calculate the greatest common factor of 418 and 209.
209
Calculate the highest common factor of 224 and 24.
8
Calculate the highest common factor of 21 and 448.
7
What is the highest common divisor of 11245 and 65?
65
What is the greatest common divisor of 2697 and 29?
29
What is the greatest common factor of 1610 and 20?
10
Calculate the highest common divisor of 10 and 6830.
10
What is the greatest common factor of 18 and 972?
18
Calculate the greatest common divisor of 1442 and 28.
14
Calculate the highest common factor of 80 and 64.
16
What is the greatest common factor of 2077 and 248?
31
What is the greatest common divisor of 165 and 462?
33
What is the greatest common factor of 18 and 576?
18
What is the highest common factor of 1560 and 90?
30
What is the highest common factor of 48 and 5172?
12
What is the highest common divisor of 70 and 1295?
35
What is the greatest common divisor of 17 and 221?
17
Calculate the greatest common divisor of 2450 and 392.
98
Calculate the highest common divisor of 11 and 891.
11
Calculate the highest common factor of 66 and 3993.
33
Calculate the highest common factor of 192 and 2464.
32
What is the greatest common factor of 364 and 39?
13
Calculate the highest common factor of 14 and 68.
2
Calculate the greatest common factor of 43358 and 19.
19
What is the highest common divisor of 380 and 152?
76
Calculate the highest common divisor of 5789 and 7.
7
What is the highest common divisor of 259 and 37?
37
C